ctors of s?
2, 3, 7
Let c = 11 - 16. Let i = -10 + 3. Let b = c - i. What are the prime factors of b?
2
Let u = 110 - 207. What are the prime factors of u/(-9) - 6/(-27)?
11
Let i(j) be the first derivative of j**4/4 - 7*j**3/3 + 5*j**2/2 + 6*j - 2. Let q be i(6). Suppose q = 4*n + n - 30. List the prime factors of n.
2, 3
Let d = 8 + 4. List the prime factors of d.
2, 3
Let v(t) = 17*t - 9. List the prime factors of v(4).
59
Let t(j) = 15*j + 1. Let d(s) = -7*s - 1. Let h(w) = -13*d(w) - 6*t(w). Let q(y) = -y**2 + 12*y - 14. Let f be q(11). What are the prime factors of h(f)?
2
Let a(f) = -f**2 - f + 67. List the prime factors of a(0).
67
Suppose -4*t - 3 = -23. Suppose a - 43 = -2*x, -x = -t*a - 2*x + 251. List the prime factors of a.
3, 17
Let l(c) = 8*c**3 - 8*c**2 + c - 3. Let k(m) = 7*m**3 - 7*m**2 + m - 4. Let f(i) = -7*k(i) + 6*l(i). List the prime factors of f(0).
2, 5
Suppose 1 = t - 7. What are the prime factors of t*(6/(-2) - -5)?
2
Let q be -2*(1 + (-9)/3). Suppose q*h + 2*b = 0, 6 = h + 4*b - 5*b. List the prime factors of (h + -5)/(-1 - 0).
3
Suppose 5*l = 4*n - 53, -3*n + 24 = -4*l - 17. Let k(x) = 7*x**2 + 0*x**3 - x**3 + n*x + 11 + 0*x**2. What are the prime factors of k(8)?
3
Let v be (-2)/4*-2 - -4. Suppose v*p - 4*u = 42 - 16, -4*u - 6 = 5*p. What are the prime factors of p?
2
Suppose -4*r - 3*a + 20 = 0, 4*r - 10 - 10 = -2*a. Suppose -r*g + 19 = -11. Let w = -3 + g. List the prime factors of w.
3
Suppose -3*y = -41 - 67. Let c be (1/(-3))/(8/(-120)). Suppose 5*i - 8*i + y = c*x, -2*x + 41 = 5*i. What are the prime factors of i?
7
Let a(z) = -4*z + 9. Let f(t) = -t + 1. Let u(o) = a(o) - 6*f(o). What are the prime factors of u(2)?
7
Let u(b) = b + 3. Let p be u(-3). Suppose 3*y + p*y - 24 = 0. List the prime factors of y.
2
Let j be 38/14 + 4/14. Suppose j*d + 3 = 3*l, -4*l + 5*d - 5 = -6. List the prime factors of l.
2
Let i be -4*(22/8 - 3). Let b(z) = 13*z**2 + 2*z - 2. What are the prime factors of b(i)?
13
Let m be (0 - -2)*(-15)/(-6). Suppose 0 = m*t + 6 - 36. Suppose t = -2*q + 5*q. List the prime factors of q.
2
Suppose 31 = 2*x - 27. What are the prime factors of x?
29
Let t(w) = -16*w. List the prime factors of t(-2).
2
Suppose -3*z = 5*t - 56, 59 = -0*z + 2*z - t. What are the prime factors of z?
3
Let k(x) be the first derivative of x**4/4 + x**3/3 + x**2/2 + x + 2. Let l(p) = -7*p**2 + 3*p. Let q(n) = -k(n) - l(n). What are the prime factors of q(5)?
2
Suppose 0 = -8*i + 10*i - 88. What are the prime factors of i?
2, 11
Let x(i) = i**3 + i + 39. List the prime factors of x(0).
3, 13
Let t be (-32)/(-12) - (-2)/(-3). Suppose 4*c - 18 = t. List the prime factors of c.
5
Suppose -270 = 14*x - 16*x. List the prime factors of x.
3, 5
Suppose 21 + 7 = -2*m. What are the prime factors of 4/m - 284/(-14)?
2, 5
Suppose -2*t - 3*t - 4*i = -55, -4*t - i = -44. Let n = 23 - t. List the prime factors of n.
2, 3
Let g(q) = -q**2 + 3*q - 2. Let p be g(4). Let t(z) = -z**3 - 5*z**2 + 4*z + 1. What are the prime factors of t(p)?
13
Suppose -16 - 2 = 3*g. Let f(y) = y**2 + 5*y - 3. Let i be f(g). Suppose -4*m + 70 = 5*r, -i*r - 3*m - 5 = -5*r. What are the prime factors of r?
2, 5
Suppose 0*k + 12 = -3*k. List the prime factors of k/6 - 1036/(-42).
2, 3
Let b(c) be the third derivative of c**5/40 - c**4/6 + c**3/3 - 3*c**2. Let d(q) be the first derivative of b(q). What are the prime factors of d(4)?
2
Suppose 0 = 2*w - 5*w + 99. What are the prime factors of w?
3, 11
Suppose -j = -5*z + 70, 0 = -z - j - j + 25. List the prime factors of z.
3, 5
Suppose 0 = 5*a + 2*z - 22, 0 = -a - 4*z + 12 - 4. Suppose w - 22 = a. What are the prime factors of w?
2, 13
Suppose 7*f - 5*f - 2 = 0. What are the prime factors of 5/f*4 + 3?
23
Suppose -2*a - a = 0, a + 8 = 4*z. Let j(r) = 3*r - 2. List the prime factors of j(z).
2
Let p(d) = 7*d**2 - 2*d - 1. Let l be p(-1). List the prime factors of ((-35)/20)/((-2)/l).
7
Suppose -4*t = t - 25. Let g(l) = -l**3 + 7*l**2 - 5*l - 6. List the prime factors of g(t).
19
List the prime factors of (-3 + (-785)/15)/((-2)/3).
83
Let w(v) = -76*v - 6. What are the prime factors of w(-2)?
2, 73
What are the prime factors of (15/(-4))/(6/(-16))?
2, 5
Suppose -3*b = -5*y - 16, y - 24 = -b - 8. What are the prime factors of b?
2, 3
Let m be (3/4)/(20/3360). Suppose 3*j = 3*i + m, 52 = 4*j - 5*i - 114. List the prime factors of j.
2, 11
Suppose -4 = 5*b + 11. List the prime factors of b/12 + 34/8.
2
Let n = 4 - 2. Suppose x - 36 = -n*x. Suppose 7*o - 3*o = x. What are the prime factors of o?
3
Suppose 4*i = z + 17, 6*z + 4*i = 2*z + 32. Suppose -z*n + 180 = 6*o - 3*o, 2*o = 2*n - 100. Suppose n = 4*j + j. List the prime factors of j.
11
Let s(x) = -x - 10. Let r be s(-10). Suppose -d + 22 = -r*d. List the prime factors of d.
2, 11
Let l(d) be the first derivative of 2*d**3/3 - 4*d**2 - 5. What are the prime factors of l(6)?
2, 3
Suppose -2*q = -5*k + 2, 4*q - 12 - 6 = -k. Suppose -k*f = -6*c + c - 14, 5*f - 3*c = 35. List the prime factors of f.
7
Let w = 36 + -20. List the prime factors of w.
2
Suppose 5*m + 3*z - 23 = -8, -4*m + 5*z + 12 = 0. Suppose -m*h = -5*h + 88. List the prime factors of h.
2, 11
Let w(g) = -g**2 - 2*g + 1. Let m(z) = -1. Let p(f) = -3*m(f) + w(f). Let k be p(-4). Let j = 9 + k. What are the prime factors of j?
5
Let o = -10 - -167. List the prime factors of o.
157
Suppose v + q - 49 = 0, q + 3*q + 180 = 4*v. Let x = -32 + v. What are the prime factors of x?
3, 5
Suppose 0 = 4*m - 16 - 16. Let z(y) = -3*y - 1. Let c be z(-1). Suppose c*q - m = -0*q. List the prime factors of q.
2
Suppose 0 = 34*r - 30*r - 1360. List the prime factors of r.
2, 5, 17
List the prime factors of (-8)/(-52) - (-3 - 3426/39).
7, 13
Suppose 0*r + 4 = r. Suppose 2*p = -0*p + r. What are the prime factors of p?
2
Let l(i) = i**3 + 7*i**2 - i + 6. What are the prime factors of l(-5)?
61
Let k(o) = 4*o**3 - 6*o**2 - 6*o + 5. List the prime factors of k(5).
5, 13
Let w be (-18)/63 - 32/(-14). Suppose -w = -n + 7. List the prime factors of n.
3
Let q = -10 - -7. Let a be 1 - (q/(-3) + -2). Suppose 2*l = -4*h - 8, -3*l - 7 + 19 = -a*h. List the prime factors of l.
2
Let y = -58 + 124. What are the prime factors of y?
2, 3, 11
Suppose 0 = j - 3*a - 10, 0*j + 5*a + 10 = 5*j. Let r(h) = 2*h**2 - 3*h - 2. List the prime factors of r(j).
2, 3
Let r(i) = i**2 - i + 2. List the prime factors of r(10).
2, 23
List the prime factors of (-2793)/(-18) - (-1)/(-6).
5, 31
Let p be (-2 + 190/6)*3. Let g = p - 44. What are the prime factors of g?
3, 5
Let v(t) be the second derivative of -t**4/12 - 7*t**3/6 + 3*t**2/2 - t. Let u be v(-7). Suppose -u*o - 12 = -5*o. What are the prime factors of o?
2, 3
Let u be 2 + (3 - 6) - 8. Let k = -7 - u. Suppose 0*w = -w + k*f + 14, -f + 5 = w. List the prime factors of w.
2
Let t = -33 + 90. What are the prime factors of t?
3, 19
Let v(s) = s**3 - 6*s**2 - s - 7. List the prime factors of v(7).
5, 7
Suppose -6*y + 535 = -y. List the prime factors of y.
107
Let p(b) = 4*b + 3. Let m be p(3). Suppose -m = 6*k - 11*k. List the prime factors of k.
3
Let c(u) = -u**3 + 5*u**2 - 2*u - 4. List the prime factors of c(4).
2
Let x(n) = -n**3 + 12*n**2 + 13*n - 6. Let q be x(13). Let t = q + 3. List the prime factors of (10*t)/(3/(-2)).
2, 5
Suppose 0 = -2*p + 5*y + 18, -5*p + 4*y + 28 = -0*p. What are the prime factors of p?
2
List the prime factors of (-3)/2*(-80)/15.
2
Let i = 0 - -1. Let x be 0/((3 - i)/2). Suppose x*c = c - 6. List the prime factors of c.
2, 3
Let z(q) = q**2 + 2*q + 4. Suppose -5*s - 13 = 2. Let i be z(s). Let a = i + 0. What are the prime factors of a?
7
Let a(d) = -59*d + 12. List the prime factors of a(-3).
3, 7
Let k(v) = -4*v - 11. What are the prime factors of k(-6)?
13
Let z(j) = -16*j**2 - 2. Suppose 0*t = 2*t + 4. Let q be z(t). What are the prime factors of q/(-14) + 4/14?
5
Let w be 8/12 + 4/(-6). Suppose 0 = -h, -9 = -3*n - w*n + h. What are the prime factors of n?
3
Suppose 224 = 4*i + 3*v, -i + 4*v + 23 = -33. List the prime factors of i.
2, 7
Suppose 90 = -4*w - w. Let c be 3/(-2) + w/(-4). Suppose -3*o - 4 = -5*h, 0 = 4*h + 3*o - 11 - c. What are the prime factors of h?
2
Let a = 38 + -14. Let b = 30 - a. List the prime factors of b.
2, 3
Let q(r) = -2*r**2 - 53*